{"id":22,"date":"2019-10-22T00:51:10","date_gmt":"2019-10-21T21:51:10","guid":{"rendered":"http:\/\/arkisto.skhhry.fi\/SM2022\/?page_id=22"},"modified":"2022-11-28T16:19:36","modified_gmt":"2022-11-28T14:19:36","slug":"kur-karsinta","status":"publish","type":"page","link":"https:\/\/arkisto.skhhry.fi\/SM2022\/kur-karsinta\/","title":{"rendered":"K\u00fcr-luokan karsinta"},"content":{"rendered":"\t\t<div data-elementor-type=\"wp-page\" data-elementor-id=\"22\" class=\"elementor elementor-22\">\n\t\t\t\t\t\t<div class=\"elementor-inner\">\n\t\t\t\t<div class=\"elementor-section-wrap\">\n\t\t\t\t\t\t\t\t\t<section class=\"elementor-section elementor-top-section elementor-element elementor-element-1aac7f83 hero elementor-section-boxed elementor-section-height-default elementor-section-height-default\" data-id=\"1aac7f83\" data-element_type=\"section\" data-settings=\"{&quot;background_background&quot;:&quot;classic&quot;}\">\n\t\t\t\t\t\t\t<div class=\"elementor-background-overlay\"><\/div>\n\t\t\t\t\t\t\t<div class=\"elementor-container elementor-column-gap-default\">\n\t\t\t\t\t\t\t<div class=\"elementor-row\">\n\t\t\t\t\t<div class=\"elementor-column elementor-col-100 elementor-top-column elementor-element elementor-element-2d58f34a\" data-id=\"2d58f34a\" data-element_type=\"column\">\n\t\t\t<div class=\"elementor-column-wrap elementor-element-populated\">\n\t\t\t\t\t\t\t<div class=\"elementor-widget-wrap\">\n\t\t\t\t\t\t<div class=\"elementor-element elementor-element-22341470 elementor-widget elementor-widget-heading\" data-id=\"22341470\" data-element_type=\"widget\" data-widget_type=\"heading.default\">\n\t\t\t\t<div class=\"elementor-widget-container\">\n\t\t\t<h1 class=\"elementor-heading-title elementor-size-default\">K\u00fcr-luokan karsinta<\/h1>\t\t<\/div>\n\t\t\t\t<\/div>\n\t\t\t\t\t\t<\/div>\n\t\t\t\t\t<\/div>\n\t\t<\/div>\n\t\t\t\t\t\t\t\t<\/div>\n\t\t\t\t\t<\/div>\n\t\t<\/section>\n\t\t\t\t<section class=\"elementor-section elementor-top-section elementor-element elementor-element-2ae75bc8 osio elementor-section-boxed elementor-section-height-default elementor-section-height-default\" data-id=\"2ae75bc8\" data-element_type=\"section\">\n\t\t\t\t\t\t<div class=\"elementor-container elementor-column-gap-default\">\n\t\t\t\t\t\t\t<div class=\"elementor-row\">\n\t\t\t\t\t<div class=\"elementor-column elementor-col-50 elementor-top-column elementor-element elementor-element-370ae3b2 teksti\" data-id=\"370ae3b2\" data-element_type=\"column\">\n\t\t\t<div class=\"elementor-column-wrap elementor-element-populated\">\n\t\t\t\t\t\t\t<div class=\"elementor-widget-wrap\">\n\t\t\t\t\t\t<div class=\"elementor-element elementor-element-3d671bc elementor-hidden-desktop elementor-hidden-tablet elementor-hidden-mobile elementor-widget elementor-widget-text-editor\" data-id=\"3d671bc\" data-element_type=\"widget\" data-widget_type=\"text-editor.default\">\n\t\t\t\t<div class=\"elementor-widget-container\">\n\t\t\t\t\t\t\t\t<div class=\"elementor-text-editor elementor-clearfix\">\n\t\t\t\t<p><span style=\"font-weight: 400;font-size: 12pt\">Karsintojen j\u00e4\u00e4dess\u00e4 vajaaksi osallistujam\u00e4\u00e4r\u00e4n takia tarvitsemme nyt luokkaan lis\u00e4\u00e4 osallistujia. <strong>Voit nyt osallistua luokkaan jos sinulta l\u00f6ytyy ennest\u00e4\u00e4n arvostelupaperi Grand Prix tasolta v\u00e4hint\u00e4\u00e4n 50,00% tuloksella.<\/strong> Tiedoston kuuluu olla .pdf\/.jpg\/.png tai muu samankaltainen tiedosto johon l\u00f6ytyy toimiva linkki. Voit ladata tiedoston <em>esimerkiksi omaan Google Drive-palveluun<\/em> ja linkitt\u00e4\u00e4 sen \u201cjokainen linkin saanut\u201d asetuksella ilmoittautumiskaavakkeen \u201cArvostelupaperin linkki\u201d-kohtaan. Voit halutessasi osallistua luokkaan eri hevosella kuin mik\u00e4 on ilmoitettu arvostelupaperissa. Mik\u00e4li haluat osallistua molempiin luokkiin, l\u00e4het\u00e4th\u00e4n kaksi erillist\u00e4 ilmoittautumista.<\/span><\/p><p><span style=\"font-weight: 400;font-size: 12pt\">Arvostelupaperiksi k\u00e4y:<\/span><\/p><ul style=\"list-style-type: circle\"><li><span style=\"font-weight: 400;font-size: 12pt\"><span style=\"color: #000000\">Keppihevosten SM-kilpailujen 2016-2019 Koulumestaruus tai K\u00fcr<\/span><\/span><\/li><li><span style=\"font-weight: 400;font-size: 12pt;color: #000000\">Superp\u00e4iv\u00e4n Epic Grand Prix tai Super K\u00fcr vuodelta 2021<\/span><\/li><li><span style=\"font-size: 12pt;color: #000000\">Mink\u00e4 tahansa virallisen kouluratsastustuomarin arvostelema Grand Prix tason valmisrata tai saman tason K\u00fcr.<\/span><\/li><\/ul><div>\u00a0<\/div><p><span style=\"font-weight: 400;font-size: 12pt\"><strong><span style=\"color: #993300\">Huomioithan ett\u00e4 rata ei saa olla hyl\u00e4tty tai alle 50,00% suoritus!<\/span> <\/strong>Tiedostossa kuuluu my\u00f6s olla selke\u00e4sti luettavissa:<\/span><\/p><ul style=\"list-style-type: circle\"><li><span style=\"font-weight: 400;font-size: 12pt;color: #000000\">Kilpailujen nimi + pvm<\/span><\/li><li><span style=\"font-size: 12pt;color: #000000\">Tuomarin nimi\/allekirjoitus<\/span><\/li><li><span style=\"font-size: 12pt;color: #000000\">Prosentti sek\u00e4 pisteet<\/span><\/li><\/ul><div><span style=\"font-size: 16px\">\u00a0<\/span><\/div><p><span style=\"font-weight: 400;font-size: 12pt\">Mik\u00e4li vaatimukset eiv\u00e4t t\u00e4yty, ilmoittautumista ei valitettavasti voida hyv\u00e4ksy\u00e4. <strong><span style=\"color: #993300\">Ilmoittautumisia otetaan vastaan 21.4.2022 kello 15:00 alkaen.<\/span><\/strong><\/span><\/p>\t\t\t\t\t<\/div>\n\t\t\t\t\t\t<\/div>\n\t\t\t\t<\/div>\n\t\t\t\t<div class=\"elementor-element elementor-element-50b8625 elementor-align-center elementor-hidden-desktop elementor-hidden-tablet elementor-hidden-mobile elementor-widget elementor-widget-button\" data-id=\"50b8625\" data-element_type=\"widget\" data-widget_type=\"button.default\">\n\t\t\t\t<div class=\"elementor-widget-container\">\n\t\t\t\t\t<div class=\"elementor-button-wrapper\">\n\t\t\t<a href=\"https:\/\/www.ilmarix.fi\/tietoverkko\/isoilmari3.nsf\/ilmoall?openform&#038;s=n&#038;id=257B0C7F8396B78DC2258829005A83B5\" class=\"elementor-button-link elementor-button elementor-size-md\" role=\"button\">\n\t\t\t\t\t\t<span class=\"elementor-button-content-wrapper\">\n\t\t\t\t\t\t<span class=\"elementor-button-text\">ILMOITTAUTUMINEN<\/span>\n\t\t<\/span>\n\t\t\t\t\t<\/a>\n\t\t<\/div>\n\t\t\t\t<\/div>\n\t\t\t\t<\/div>\n\t\t\t\t<div class=\"elementor-element elementor-element-4ee0de74 elementor-widget elementor-widget-heading\" data-id=\"4ee0de74\" data-element_type=\"widget\" data-widget_type=\"heading.default\">\n\t\t\t\t<div class=\"elementor-widget-container\">\n\t\t\t<h2 class=\"elementor-heading-title elementor-size-default\">K\u00fcr-luokan 20 finalistia valitaan videokarsinnan avulla<\/h2>\t\t<\/div>\n\t\t\t\t<\/div>\n\t\t\t\t<div class=\"elementor-element elementor-element-6914ab51 elementor-widget elementor-widget-text-editor\" data-id=\"6914ab51\" data-element_type=\"widget\" data-widget_type=\"text-editor.default\">\n\t\t\t\t<div class=\"elementor-widget-container\">\n\t\t\t\t\t\t\t\t<div class=\"elementor-text-editor elementor-clearfix\">\n\t\t\t\t<p style=\"text-align: left\">K\u00fcr on koululuokka, jossa itse suunnitellaan Grand Prix -tasoinen vapaaohjelma musiikin tahtiin. Ratsastaja saa itse valita musiikin, kunhan se ei ylit\u00e4 asetettua 4 minuutin yl\u00e4-aikarajaa. K\u00fcr-luokassa arvostellaan etuk\u00e4teen m\u00e4\u00e4r\u00e4ttyj\u00e4 liikkeit\u00e4 sek\u00e4 mm. musiikin tulkintaa, kent\u00e4n k\u00e4ytt\u00f6\u00e4 ja ohjelmaa. Arvostelukriteerej\u00e4 on monia, perehdy huolellisesti arvostelupaperiin sek\u00e4 pakollisiin liikkeisiin.<\/p>\n<p><span style=\"font-weight: 400\">Koulukarsinnat j\u00e4rjestet\u00e4\u00e4n<\/span><b> 31.1.-11.4.2022<\/b><span style=\"font-weight: 400\"> v\u00e4lisen\u00e4 aikana.&nbsp;<\/span><i style=\"font-size: 16px\">Luokassa aukesi lis\u00e4ilmoittautuminen 21.4.2022 sek\u00e4 viel\u00e4 avoin ilmoittautuminen 11.5.2022.<\/i><\/p>\t\t\t\t\t<\/div>\n\t\t\t\t\t\t<\/div>\n\t\t\t\t<\/div>\n\t\t\t\t<div class=\"elementor-element elementor-element-90c436a elementor-align-left elementor-widget elementor-widget-button\" data-id=\"90c436a\" data-element_type=\"widget\" data-widget_type=\"button.default\">\n\t\t\t\t<div class=\"elementor-widget-container\">\n\t\t\t\t\t<div class=\"elementor-button-wrapper\">\n\t\t\t<a href=\"http:\/\/arkisto.skhhry.fi\/SM2022\/wp-content\/uploads\/sites\/2\/2020\/12\/KUR-2021-GP-VAPAAOHJELMA.pdf\" class=\"elementor-button-link elementor-button elementor-size-sm\" role=\"button\">\n\t\t\t\t\t\t<span class=\"elementor-button-content-wrapper\">\n\t\t\t\t\t\t<span class=\"elementor-button-text\">K\u00fcr GP vapaaohjelma 2022<\/span>\n\t\t<\/span>\n\t\t\t\t\t<\/a>\n\t\t<\/div>\n\t\t\t\t<\/div>\n\t\t\t\t<\/div>\n\t\t\t\t<div class=\"elementor-element elementor-element-92cb570 elementor-align-left elementor-widget elementor-widget-button\" data-id=\"92cb570\" data-element_type=\"widget\" data-widget_type=\"button.default\">\n\t\t\t\t<div class=\"elementor-widget-container\">\n\t\t\t\t\t<div class=\"elementor-button-wrapper\">\n\t\t\t<a href=\"http:\/\/arkisto.skhhry.fi\/SM2022\/wp-content\/uploads\/sites\/2\/2020\/12\/KUR-2021-KARSINTARATA.pdf\" class=\"elementor-button-link elementor-button elementor-size-sm\" role=\"button\">\n\t\t\t\t\t\t<span class=\"elementor-button-content-wrapper\">\n\t\t\t\t\t\t<span class=\"elementor-button-text\">K\u00fcr karsintarata 2022<\/span>\n\t\t<\/span>\n\t\t\t\t\t<\/a>\n\t\t<\/div>\n\t\t\t\t<\/div>\n\t\t\t\t<\/div>\n\t\t\t\t\t\t<\/div>\n\t\t\t\t\t<\/div>\n\t\t<\/div>\n\t\t\t\t<div class=\"elementor-column elementor-col-50 elementor-top-column elementor-element elementor-element-78e55d08 kuva\" data-id=\"78e55d08\" data-element_type=\"column\" data-settings=\"{&quot;background_background&quot;:&quot;classic&quot;}\">\n\t\t\t<div class=\"elementor-column-wrap\">\n\t\t\t\t\t\t\t<div class=\"elementor-widget-wrap\">\n\t\t\t\t\t\t\t\t<\/div>\n\t\t\t\t\t<\/div>\n\t\t<\/div>\n\t\t\t\t\t\t\t\t<\/div>\n\t\t\t\t\t<\/div>\n\t\t<\/section>\n\t\t\t\t\t\t\t\t\t<\/div>\n\t\t\t<\/div>\n\t\t\t\t\t<\/div>\n\t\t","protected":false},"excerpt":{"rendered":"<p>K\u00fcr-luokan karsinta Karsintojen j\u00e4\u00e4dess\u00e4 vajaaksi osallistujam\u00e4\u00e4r\u00e4n takia tarvitsemme nyt luokkaan lis\u00e4\u00e4 osallistujia. Voit nyt osallistua luokkaan jos sinulta l\u00f6ytyy ennest\u00e4\u00e4n arvostelupaperi Grand Prix tasolta v\u00e4hint\u00e4\u00e4n 50,00% tuloksella. Tiedoston kuuluu olla .pdf\/.jpg\/.png tai muu samankaltainen tiedosto johon l\u00f6ytyy toimiva linkki. Voit ladata tiedoston esimerkiksi omaan Google Drive-palveluun ja linkitt\u00e4\u00e4 sen \u201cjokainen linkin saanut\u201d asetuksella ilmoittautumiskaavakkeen \u201cArvostelupaperin [&hellip;]<\/p>\n","protected":false},"author":1,"featured_media":0,"parent":0,"menu_order":0,"comment_status":"closed","ping_status":"closed","template":"elementor_header_footer","meta":[],"yoast_head":"<!-- This site is optimized with the Yoast SEO plugin v19.10 - https:\/\/yoast.com\/wordpress\/plugins\/seo\/ -->\n<title>K\u00fcr-luokan karsinta - Keppihevosten Suomenmestaruuskilpailut 2023<\/title>\n<meta name=\"description\" content=\"K\u00fcr-koululuokassa karsinnasta parhaimmat p\u00e4\u00e4sev\u00e4t kilpailemaan Keppihevosten Suomenmestaruuskilpailuihin.\" \/>\n<meta name=\"robots\" content=\"noindex, follow, max-snippet:-1, max-image-preview:large, max-video-preview:-1\" \/>\n<meta property=\"og:locale\" content=\"fi_FI\" \/>\n<meta property=\"og:type\" content=\"article\" \/>\n<meta property=\"og:title\" content=\"K\u00fcr-luokan karsinta - Keppihevosten Suomenmestaruuskilpailut 2023\" \/>\n<meta property=\"og:description\" content=\"K\u00fcr-koululuokassa karsinnasta parhaimmat p\u00e4\u00e4sev\u00e4t kilpailemaan Keppihevosten Suomenmestaruuskilpailuihin.\" \/>\n<meta property=\"og:url\" content=\"https:\/\/arkisto.skhhry.fi\/SM2022\/kur-karsinta\/\" \/>\n<meta property=\"og:site_name\" content=\"Keppihevosten Suomenmestaruuskilpailut 2023\" \/>\n<meta property=\"article:publisher\" content=\"https:\/\/www.facebook.com\/keppihevostensm\/\" \/>\n<meta property=\"article:modified_time\" content=\"2022-11-28T14:19:36+00:00\" \/>\n<meta name=\"twitter:card\" content=\"summary_large_image\" \/>\n<meta name=\"twitter:label1\" content=\"Arvioitu lukuaika\" \/>\n\t<meta name=\"twitter:data1\" content=\"2 minuuttia\" \/>\n<script type=\"application\/ld+json\" class=\"yoast-schema-graph\">{\"@context\":\"https:\/\/schema.org\",\"@graph\":[{\"@type\":\"WebPage\",\"@id\":\"https:\/\/arkisto.skhhry.fi\/SM2022\/kur-karsinta\/\",\"url\":\"https:\/\/arkisto.skhhry.fi\/SM2022\/kur-karsinta\/\",\"name\":\"K\u00fcr-luokan karsinta - Keppihevosten Suomenmestaruuskilpailut 2023\",\"isPartOf\":{\"@id\":\"https:\/\/arkisto.skhhry.fi\/SM2022\/#website\"},\"datePublished\":\"2019-10-21T21:51:10+00:00\",\"dateModified\":\"2022-11-28T14:19:36+00:00\",\"description\":\"K\u00fcr-koululuokassa karsinnasta parhaimmat p\u00e4\u00e4sev\u00e4t kilpailemaan Keppihevosten Suomenmestaruuskilpailuihin.\",\"breadcrumb\":{\"@id\":\"https:\/\/arkisto.skhhry.fi\/SM2022\/kur-karsinta\/#breadcrumb\"},\"inLanguage\":\"fi\",\"potentialAction\":[{\"@type\":\"ReadAction\",\"target\":[\"https:\/\/arkisto.skhhry.fi\/SM2022\/kur-karsinta\/\"]}]},{\"@type\":\"BreadcrumbList\",\"@id\":\"https:\/\/arkisto.skhhry.fi\/SM2022\/kur-karsinta\/#breadcrumb\",\"itemListElement\":[{\"@type\":\"ListItem\",\"position\":1,\"name\":\"Etusivu\",\"item\":\"https:\/\/arkisto.skhhry.fi\/SM2022\/\"},{\"@type\":\"ListItem\",\"position\":2,\"name\":\"K\u00fcr-luokan karsinta\"}]},{\"@type\":\"WebSite\",\"@id\":\"https:\/\/arkisto.skhhry.fi\/SM2022\/#website\",\"url\":\"https:\/\/arkisto.skhhry.fi\/SM2022\/\",\"name\":\"Keppihevosten Suomenmestaruuskilpailut 2023\",\"description\":\"Keppihevosten Suomenmestaruuskilpailut 2023\",\"publisher\":{\"@id\":\"https:\/\/arkisto.skhhry.fi\/SM2022\/#organization\"},\"potentialAction\":[{\"@type\":\"SearchAction\",\"target\":{\"@type\":\"EntryPoint\",\"urlTemplate\":\"https:\/\/arkisto.skhhry.fi\/SM2022\/?s={search_term_string}\"},\"query-input\":\"required name=search_term_string\"}],\"inLanguage\":\"fi\"},{\"@type\":\"Organization\",\"@id\":\"https:\/\/arkisto.skhhry.fi\/SM2022\/#organization\",\"name\":\"Keppihevosten Suomenmestaruuskilpailut 12.6.2021\",\"url\":\"https:\/\/arkisto.skhhry.fi\/SM2022\/\",\"logo\":{\"@type\":\"ImageObject\",\"inLanguage\":\"fi\",\"@id\":\"https:\/\/arkisto.skhhry.fi\/SM2022\/#\/schema\/logo\/image\/\",\"url\":\"http:\/\/arkisto.skhhry.fi\/SM2022\/wp-content\/uploads\/sites\/2\/2020\/11\/keppihevostensmkilpailut-keppihevosten.png\",\"contentUrl\":\"http:\/\/arkisto.skhhry.fi\/SM2022\/wp-content\/uploads\/sites\/2\/2020\/11\/keppihevostensmkilpailut-keppihevosten.png\",\"width\":800,\"height\":796,\"caption\":\"Keppihevosten Suomenmestaruuskilpailut 12.6.2021\"},\"image\":{\"@id\":\"https:\/\/arkisto.skhhry.fi\/SM2022\/#\/schema\/logo\/image\/\"},\"sameAs\":[\"https:\/\/www.instagram.com\/keppihevosten_sm_kilpailut\/\",\"https:\/\/www.facebook.com\/keppihevostensm\/\"]}]}<\/script>\n<!-- \/ Yoast SEO plugin. -->","yoast_head_json":{"title":"K\u00fcr-luokan karsinta - Keppihevosten Suomenmestaruuskilpailut 2023","description":"K\u00fcr-koululuokassa karsinnasta parhaimmat p\u00e4\u00e4sev\u00e4t kilpailemaan Keppihevosten Suomenmestaruuskilpailuihin.","robots":{"index":"noindex","follow":"follow","max-snippet":"max-snippet:-1","max-image-preview":"max-image-preview:large","max-video-preview":"max-video-preview:-1"},"og_locale":"fi_FI","og_type":"article","og_title":"K\u00fcr-luokan karsinta - Keppihevosten Suomenmestaruuskilpailut 2023","og_description":"K\u00fcr-koululuokassa karsinnasta parhaimmat p\u00e4\u00e4sev\u00e4t kilpailemaan Keppihevosten Suomenmestaruuskilpailuihin.","og_url":"https:\/\/arkisto.skhhry.fi\/SM2022\/kur-karsinta\/","og_site_name":"Keppihevosten Suomenmestaruuskilpailut 2023","article_publisher":"https:\/\/www.facebook.com\/keppihevostensm\/","article_modified_time":"2022-11-28T14:19:36+00:00","twitter_card":"summary_large_image","twitter_misc":{"Arvioitu lukuaika":"2 minuuttia"},"schema":{"@context":"https:\/\/schema.org","@graph":[{"@type":"WebPage","@id":"https:\/\/arkisto.skhhry.fi\/SM2022\/kur-karsinta\/","url":"https:\/\/arkisto.skhhry.fi\/SM2022\/kur-karsinta\/","name":"K\u00fcr-luokan karsinta - Keppihevosten Suomenmestaruuskilpailut 2023","isPartOf":{"@id":"https:\/\/arkisto.skhhry.fi\/SM2022\/#website"},"datePublished":"2019-10-21T21:51:10+00:00","dateModified":"2022-11-28T14:19:36+00:00","description":"K\u00fcr-koululuokassa karsinnasta parhaimmat p\u00e4\u00e4sev\u00e4t kilpailemaan Keppihevosten Suomenmestaruuskilpailuihin.","breadcrumb":{"@id":"https:\/\/arkisto.skhhry.fi\/SM2022\/kur-karsinta\/#breadcrumb"},"inLanguage":"fi","potentialAction":[{"@type":"ReadAction","target":["https:\/\/arkisto.skhhry.fi\/SM2022\/kur-karsinta\/"]}]},{"@type":"BreadcrumbList","@id":"https:\/\/arkisto.skhhry.fi\/SM2022\/kur-karsinta\/#breadcrumb","itemListElement":[{"@type":"ListItem","position":1,"name":"Etusivu","item":"https:\/\/arkisto.skhhry.fi\/SM2022\/"},{"@type":"ListItem","position":2,"name":"K\u00fcr-luokan karsinta"}]},{"@type":"WebSite","@id":"https:\/\/arkisto.skhhry.fi\/SM2022\/#website","url":"https:\/\/arkisto.skhhry.fi\/SM2022\/","name":"Keppihevosten Suomenmestaruuskilpailut 2023","description":"Keppihevosten Suomenmestaruuskilpailut 2023","publisher":{"@id":"https:\/\/arkisto.skhhry.fi\/SM2022\/#organization"},"potentialAction":[{"@type":"SearchAction","target":{"@type":"EntryPoint","urlTemplate":"https:\/\/arkisto.skhhry.fi\/SM2022\/?s={search_term_string}"},"query-input":"required name=search_term_string"}],"inLanguage":"fi"},{"@type":"Organization","@id":"https:\/\/arkisto.skhhry.fi\/SM2022\/#organization","name":"Keppihevosten Suomenmestaruuskilpailut 12.6.2021","url":"https:\/\/arkisto.skhhry.fi\/SM2022\/","logo":{"@type":"ImageObject","inLanguage":"fi","@id":"https:\/\/arkisto.skhhry.fi\/SM2022\/#\/schema\/logo\/image\/","url":"http:\/\/arkisto.skhhry.fi\/SM2022\/wp-content\/uploads\/sites\/2\/2020\/11\/keppihevostensmkilpailut-keppihevosten.png","contentUrl":"http:\/\/arkisto.skhhry.fi\/SM2022\/wp-content\/uploads\/sites\/2\/2020\/11\/keppihevostensmkilpailut-keppihevosten.png","width":800,"height":796,"caption":"Keppihevosten Suomenmestaruuskilpailut 12.6.2021"},"image":{"@id":"https:\/\/arkisto.skhhry.fi\/SM2022\/#\/schema\/logo\/image\/"},"sameAs":["https:\/\/www.instagram.com\/keppihevosten_sm_kilpailut\/","https:\/\/www.facebook.com\/keppihevostensm\/"]}]}},"_links":{"self":[{"href":"https:\/\/arkisto.skhhry.fi\/SM2022\/wp-json\/wp\/v2\/pages\/22"}],"collection":[{"href":"https:\/\/arkisto.skhhry.fi\/SM2022\/wp-json\/wp\/v2\/pages"}],"about":[{"href":"https:\/\/arkisto.skhhry.fi\/SM2022\/wp-json\/wp\/v2\/types\/page"}],"author":[{"embeddable":true,"href":"https:\/\/arkisto.skhhry.fi\/SM2022\/wp-json\/wp\/v2\/users\/1"}],"replies":[{"embeddable":true,"href":"https:\/\/arkisto.skhhry.fi\/SM2022\/wp-json\/wp\/v2\/comments?post=22"}],"version-history":[{"count":89,"href":"https:\/\/arkisto.skhhry.fi\/SM2022\/wp-json\/wp\/v2\/pages\/22\/revisions"}],"predecessor-version":[{"id":5543,"href":"https:\/\/arkisto.skhhry.fi\/SM2022\/wp-json\/wp\/v2\/pages\/22\/revisions\/5543"}],"wp:attachment":[{"href":"https:\/\/arkisto.skhhry.fi\/SM2022\/wp-json\/wp\/v2\/media?parent=22"}],"curies":[{"name":"wp","href":"https:\/\/api.w.org\/{rel}","templated":true}]}}